{"id":2628,"date":"2023-07-03T21:43:01","date_gmt":"2023-07-04T00:43:01","guid":{"rendered":"https:\/\/luizfrasson.com.br\/?page_id=2628"},"modified":"2025-02-20T22:02:08","modified_gmt":"2025-02-21T01:02:08","slug":"sobre","status":"publish","type":"page","link":"https:\/\/luizfrasson.com.br\/?page_id=2628","title":{"rendered":"sobre"},"content":{"rendered":"\t\t<div data-elementor-type=\"wp-page\" data-elementor-id=\"2628\" class=\"elementor elementor-2628\" data-elementor-post-type=\"page\">\n\t\t\t\t\t\t<section class=\"elementor-section elementor-top-section elementor-element elementor-element-2e97c11 elementor-section-boxed elementor-section-height-default elementor-section-height-default\" data-id=\"2e97c11\" data-element_type=\"section\" data-e-type=\"section\" data-settings=\"{&quot;background_background&quot;:&quot;classic&quot;}\">\n\t\t\t\t\t\t\t<div class=\"elementor-background-overlay\"><\/div>\n\t\t\t\t\t\t\t<div class=\"elementor-container elementor-column-gap-default\">\n\t\t\t\t\t<div class=\"elementor-column elementor-col-100 elementor-top-column elementor-element elementor-element-4791ede\" data-id=\"4791ede\" data-element_type=\"column\" data-e-type=\"column\">\n\t\t\t<div class=\"elementor-widget-wrap elementor-element-populated\">\n\t\t\t\t\t\t<div class=\"elementor-element elementor-element-7eafaa2 elementor-widget elementor-widget-heading\" data-id=\"7eafaa2\" data-element_type=\"widget\" data-e-type=\"widget\" data-widget_type=\"heading.default\">\n\t\t\t\t<div class=\"elementor-widget-container\">\n\t\t\t\t\t<h2 class=\"elementor-heading-title elementor-size-default\">Sobre<\/h2>\t\t\t\t<\/div>\n\t\t\t\t<\/div>\n\t\t\t\t\t<\/div>\n\t\t<\/div>\n\t\t\t\t\t<\/div>\n\t\t<\/section>\n\t\t\t\t<section class=\"elementor-section elementor-top-section elementor-element elementor-element-e0ff968 elementor-section-boxed elementor-section-height-default elementor-section-height-default\" data-id=\"e0ff968\" data-element_type=\"section\" data-e-type=\"section\">\n\t\t\t\t\t\t\t<div class=\"elementor-background-overlay\"><\/div>\n\t\t\t\t\t\t\t<div class=\"elementor-container elementor-column-gap-default\">\n\t\t\t\t\t<div class=\"elementor-column elementor-col-100 elementor-top-column elementor-element elementor-element-36bc666\" data-id=\"36bc666\" data-element_type=\"column\" data-e-type=\"column\">\n\t\t\t<div class=\"elementor-widget-wrap elementor-element-populated\">\n\t\t\t\t\t\t<div class=\"elementor-element elementor-element-f3e2a24 elementor-widget elementor-widget-heading\" data-id=\"f3e2a24\" data-element_type=\"widget\" data-e-type=\"widget\" data-widget_type=\"heading.default\">\n\t\t\t\t<div class=\"elementor-widget-container\">\n\t\t\t\t\t<h1 class=\"elementor-heading-title elementor-size-default\">Minha Hist\u00f3ria<\/h1>\t\t\t\t<\/div>\n\t\t\t\t<\/div>\n\t\t\t\t<div class=\"elementor-element elementor-element-7a2fc57 elementor-widget-divider--view-line elementor-widget elementor-widget-divider\" data-id=\"7a2fc57\" data-element_type=\"widget\" data-e-type=\"widget\" data-widget_type=\"divider.default\">\n\t\t\t\t<div class=\"elementor-widget-container\">\n\t\t\t\t\t\t\t<div class=\"elementor-divider\">\n\t\t\t<span class=\"elementor-divider-separator\">\n\t\t\t\t\t\t<\/span>\n\t\t<\/div>\n\t\t\t\t\t\t<\/div>\n\t\t\t\t<\/div>\n\t\t\t\t\t<\/div>\n\t\t<\/div>\n\t\t\t\t\t<\/div>\n\t\t<\/section>\n\t\t\t\t<section class=\"elementor-section elementor-top-section elementor-element elementor-element-d55ccf3 elementor-section-boxed elementor-section-height-default elementor-section-height-default\" data-id=\"d55ccf3\" data-element_type=\"section\" data-e-type=\"section\" data-settings=\"{&quot;background_background&quot;:&quot;classic&quot;}\">\n\t\t\t\t\t\t\t<div class=\"elementor-background-overlay\"><\/div>\n\t\t\t\t\t\t\t<div class=\"elementor-container elementor-column-gap-default\">\n\t\t\t\t\t<div class=\"elementor-column elementor-col-50 elementor-top-column elementor-element elementor-element-35ef60e\" data-id=\"35ef60e\" data-element_type=\"column\" data-e-type=\"column\">\n\t\t\t<div class=\"elementor-widget-wrap elementor-element-populated\">\n\t\t\t\t\t\t<div class=\"elementor-element elementor-element-7360db2 elementor-widget elementor-widget-image\" data-id=\"7360db2\" data-element_type=\"widget\" data-e-type=\"widget\" data-widget_type=\"image.default\">\n\t\t\t\t<div class=\"elementor-widget-container\">\n\t\t\t\t\t\t\t\t\t\t\t\t\t\t\t<img fetchpriority=\"high\" decoding=\"async\" width=\"300\" height=\"300\" src=\"https:\/\/luizfrasson.com.br\/wp-content\/uploads\/2021\/05\/CURRICULO-1-300x300.png\" class=\"attachment-medium size-medium wp-image-377\" alt=\"\" srcset=\"https:\/\/luizfrasson.com.br\/wp-content\/uploads\/2021\/05\/CURRICULO-1-300x300.png 300w, https:\/\/luizfrasson.com.br\/wp-content\/uploads\/2021\/05\/CURRICULO-1-1024x1024.png 1024w, https:\/\/luizfrasson.com.br\/wp-content\/uploads\/2021\/05\/CURRICULO-1-150x150.png 150w, https:\/\/luizfrasson.com.br\/wp-content\/uploads\/2021\/05\/CURRICULO-1-768x768.png 768w, https:\/\/luizfrasson.com.br\/wp-content\/uploads\/2021\/05\/CURRICULO-1.png 1080w\" sizes=\"(max-width: 300px) 100vw, 300px\" \/>\t\t\t\t\t\t\t\t\t\t\t\t\t\t\t<\/div>\n\t\t\t\t<\/div>\n\t\t\t\t\t<\/div>\n\t\t<\/div>\n\t\t\t\t<div class=\"elementor-column elementor-col-50 elementor-top-column elementor-element elementor-element-0c302bb\" data-id=\"0c302bb\" data-element_type=\"column\" data-e-type=\"column\">\n\t\t\t<div class=\"elementor-widget-wrap elementor-element-populated\">\n\t\t\t\t\t\t<div class=\"elementor-element elementor-element-a2ce24b elementor-widget elementor-widget-text-editor\" data-id=\"a2ce24b\" data-element_type=\"widget\" data-e-type=\"widget\" data-widget_type=\"text-editor.default\">\n\t\t\t\t<div class=\"elementor-widget-container\">\n\t\t\t\t\t\t\t\t\t<p>Desde muito cedo sempre estive envolvido com atividades esportivas, mais precisamente como atleta de base dos clubes de futebol da cidade, posteriormente mais recreativo, nessa \u00e9poca j\u00e1 fazia todos os meus treinos a parte por conta pr\u00f3pria o que me deu uma vantagem f\u00edsica em rela\u00e7\u00e3o aos demais.<\/p><p>Ent\u00e3o em 2004 sofri uma les\u00e3o de LCA (ligamento cruzado anterior do joelho direito), ap\u00f3s 9 meses e 9kgs a mais fiz a cirurgia e 4 meses ap\u00f3s in\u00edcio o fortalecimento do joelho na academia.<\/p><p>Ent\u00e3o come\u00e7a uma paix\u00e3o, vendo que treinamento de muscula\u00e7\u00e3o me deixara at\u00e9 melhor que minha forma antiga e todos os benef\u00edcios que tinha sobre essa atividade, nunca mais parei e hoje j\u00e1 s\u00e3o quase 16 anos treinando.<\/p><p>Quando tive a oportunidade cursei Educa\u00e7\u00e3o f\u00edsica nos dois segmentos (licenciatura e bacharel) e n\u00e3o parei mais.<\/p><p>Ent\u00e3o lhes apresento o meu curr\u00edculo: \u00a0\u00a0\u00a0<\/p>\t\t\t\t\t\t\t\t<\/div>\n\t\t\t\t<\/div>\n\t\t\t\t\t<\/div>\n\t\t<\/div>\n\t\t\t\t\t<\/div>\n\t\t<\/section>\n\t\t\t\t<section class=\"elementor-section elementor-top-section elementor-element elementor-element-f4688d9 elementor-section-boxed elementor-section-height-default elementor-section-height-default\" data-id=\"f4688d9\" data-element_type=\"section\" data-e-type=\"section\">\n\t\t\t\t\t\t\t<div class=\"elementor-background-overlay\"><\/div>\n\t\t\t\t\t\t\t<div class=\"elementor-container elementor-column-gap-default\">\n\t\t\t\t\t<div class=\"elementor-column elementor-col-33 elementor-top-column elementor-element elementor-element-6c15f30\" data-id=\"6c15f30\" data-element_type=\"column\" data-e-type=\"column\">\n\t\t\t<div class=\"elementor-widget-wrap elementor-element-populated\">\n\t\t\t\t\t\t<div class=\"elementor-element elementor-element-3a6ccd4 elementor-widget-divider--view-line elementor-widget elementor-widget-divider\" data-id=\"3a6ccd4\" data-element_type=\"widget\" data-e-type=\"widget\" data-widget_type=\"divider.default\">\n\t\t\t\t<div class=\"elementor-widget-container\">\n\t\t\t\t\t\t\t<div class=\"elementor-divider\">\n\t\t\t<span class=\"elementor-divider-separator\">\n\t\t\t\t\t\t<\/span>\n\t\t<\/div>\n\t\t\t\t\t\t<\/div>\n\t\t\t\t<\/div>\n\t\t\t\t\t<\/div>\n\t\t<\/div>\n\t\t\t\t<div class=\"elementor-column elementor-col-33 elementor-top-column elementor-element elementor-element-db60d31\" data-id=\"db60d31\" data-element_type=\"column\" data-e-type=\"column\">\n\t\t\t<div class=\"elementor-widget-wrap elementor-element-populated\">\n\t\t\t\t\t\t<div class=\"elementor-element elementor-element-b6ba76a elementor-widget elementor-widget-image\" data-id=\"b6ba76a\" data-element_type=\"widget\" data-e-type=\"widget\" data-widget_type=\"image.default\">\n\t\t\t\t<div class=\"elementor-widget-container\">\n\t\t\t\t\t\t\t\t\t\t\t\t\t\t\t<img decoding=\"async\" src=\"https:\/\/luizfrasson.com.br\/wp-content\/uploads\/elementor\/thumbs\/logo-fundo-transparente-icone-p87yp5yxsr92ycy727rt5ud22xg2m5jc51i58zgtyo.png\" title=\"logo fundo transparente icone\" alt=\"logo fundo transparente icone\" loading=\"lazy\" \/>\t\t\t\t\t\t\t\t\t\t\t\t\t\t\t<\/div>\n\t\t\t\t<\/div>\n\t\t\t\t\t<\/div>\n\t\t<\/div>\n\t\t\t\t<div class=\"elementor-column elementor-col-33 elementor-top-column elementor-element elementor-element-193ddee\" data-id=\"193ddee\" data-element_type=\"column\" data-e-type=\"column\">\n\t\t\t<div class=\"elementor-widget-wrap elementor-element-populated\">\n\t\t\t\t\t\t<div class=\"elementor-element elementor-element-0c23314 elementor-widget-divider--view-line elementor-widget elementor-widget-divider\" data-id=\"0c23314\" data-element_type=\"widget\" data-e-type=\"widget\" data-widget_type=\"divider.default\">\n\t\t\t\t<div class=\"elementor-widget-container\">\n\t\t\t\t\t\t\t<div class=\"elementor-divider\">\n\t\t\t<span class=\"elementor-divider-separator\">\n\t\t\t\t\t\t<\/span>\n\t\t<\/div>\n\t\t\t\t\t\t<\/div>\n\t\t\t\t<\/div>\n\t\t\t\t\t<\/div>\n\t\t<\/div>\n\t\t\t\t\t<\/div>\n\t\t<\/section>\n\t\t\t\t<section class=\"elementor-section elementor-top-section elementor-element elementor-element-95a8399 elementor-section-boxed elementor-section-height-default elementor-section-height-default\" data-id=\"95a8399\" data-element_type=\"section\" data-e-type=\"section\">\n\t\t\t\t\t\t\t<div class=\"elementor-background-overlay\"><\/div>\n\t\t\t\t\t\t\t<div class=\"elementor-container elementor-column-gap-default\">\n\t\t\t\t\t<div class=\"elementor-column elementor-col-100 elementor-top-column elementor-element elementor-element-e2b6f58\" data-id=\"e2b6f58\" data-element_type=\"column\" data-e-type=\"column\">\n\t\t\t<div class=\"elementor-widget-wrap elementor-element-populated\">\n\t\t\t\t\t\t<section class=\"elementor-section elementor-inner-section elementor-element elementor-element-33a370b elementor-section-boxed elementor-section-height-default elementor-section-height-default\" data-id=\"33a370b\" data-element_type=\"section\" data-e-type=\"section\">\n\t\t\t\t\t\t<div class=\"elementor-container elementor-column-gap-default\">\n\t\t\t\t\t<div class=\"elementor-column elementor-col-50 elementor-inner-column elementor-element elementor-element-ab6846d\" data-id=\"ab6846d\" data-element_type=\"column\" data-e-type=\"column\">\n\t\t\t<div class=\"elementor-widget-wrap elementor-element-populated\">\n\t\t\t\t\t\t<div class=\"elementor-element elementor-element-46505ed elementor-widget elementor-widget-heading\" data-id=\"46505ed\" data-element_type=\"widget\" data-e-type=\"widget\" data-widget_type=\"heading.default\">\n\t\t\t\t<div class=\"elementor-widget-container\">\n\t\t\t\t\t<h2 class=\"elementor-heading-title elementor-size-default\">Forma\u00e7\u00e3o Academica<\/h2>\t\t\t\t<\/div>\n\t\t\t\t<\/div>\n\t\t\t\t<div class=\"elementor-element elementor-element-25ea305 elementor-widget elementor-widget-text-editor\" data-id=\"25ea305\" data-element_type=\"widget\" data-e-type=\"widget\" data-widget_type=\"text-editor.default\">\n\t\t\t\t<div class=\"elementor-widget-container\">\n\t\t\t\t\t\t\t\t\t<p class=\"_04xlpA direction-ltr align-justify para-style-body\"><span class=\"JsGRdQ\">Graduado em Licenciatura Ed. F\u00edsica, UNIVERSIDADE PITAGORAS UNOPAR, conclus\u00e3o em 2018;<\/span><\/p>\n<p class=\"_04xlpA direction-ltr align-justify para-style-body\"><span class=\"JsGRdQ\">Graduado em Bacharelado<\/span> <span class=\"JsGRdQ\">Ed. F\u00edsica,<\/span> <span class=\"JsGRdQ\">Sociedade Educacional Leonardo da Vinci\u2013UNIASSELVI, conclus\u00e3o em 2019;<\/span><\/p>\n<p class=\"_04xlpA direction-ltr align-justify para-style-body\"><span class=\"JsGRdQ\">P\u00f3s-graduado em Fisiologia do Exerc\u00edcio,<\/span> <span class=\"JsGRdQ\">Sociedade Educacional Leonardo da Vinci \u2013 UNIASSELVI, conclus\u00e3o 2020;<\/span><\/p>\n<p class=\"_04xlpA direction-ltr align-justify para-style-body\"><span class=\"JsGRdQ\">P\u00f3s-graduado em Treinamento Desportivo,<\/span> <span class=\"JsGRdQ\">Sociedade Educacional Leonardo da Vinci \u2013 UNIASSELVI, concluindo em 2021;<\/span><\/p>\n<p class=\"_04xlpA direction-ltr align-justify para-style-body\"><span class=\"JsGRdQ\">&nbsp;<\/span><\/p>\n<p class=\"_04xlpA direction-ltr align-justify para-style-body\">\n<\/p><p class=\"_04xlpA direction-ltr align-justify para-style-body\"><span class=\"JsGRdQ\">&nbsp;<\/span><\/p>\n<p class=\"_04xlpA direction-ltr align-justify para-style-body\"><span class=\"JsGRdQ\">&nbsp;<\/span><\/p>\n<p class=\"_04xlpA direction-ltr align-justify para-style-body\"><span class=\"JsGRdQ\">&nbsp;<\/span><\/p>\n<p class=\"_04xlpA direction-ltr align-justify para-style-body\"><span class=\"JsGRdQ\">&nbsp;<\/span><\/p>\n<p class=\"_04xlpA direction-ltr align-justify para-style-body\"><span class=\"JsGRdQ\">&nbsp;<\/span><\/p>\n<p class=\"_04xlpA direction-ltr align-justify para-style-body\"><span class=\"JsGRdQ\">&nbsp;<\/span><\/p>\n<p class=\"_04xlpA direction-ltr align-justify para-style-body\"><span class=\"JsGRdQ\">&nbsp;<\/span><\/p>\n<p class=\"_04xlpA direction-ltr align-justify para-style-body\"><span class=\"JsGRdQ\">&nbsp;<\/span><\/p>\n<p class=\"_04xlpA direction-ltr align-justify para-style-body\"><span class=\"JsGRdQ\">&nbsp;<\/span><\/p>\n<p class=\"_04xlpA direction-ltr align-justify para-style-body\"><span class=\"JsGRdQ\">&nbsp;<\/span><\/p>\n<p class=\"_04xlpA direction-ltr align-justify para-style-body\"><span class=\"JsGRdQ\">&nbsp;<\/span><\/p>\n<p class=\"_04xlpA direction-ltr align-justify para-style-body\"><span class=\"JsGRdQ\">&nbsp;<\/span><\/p>\n<p class=\"_04xlpA direction-ltr align-justify para-style-body\"><span class=\"JsGRdQ\">&nbsp;<\/span><\/p>\n<p class=\"_04xlpA direction-ltr align-justify para-style-body\"><span class=\"JsGRdQ\">&nbsp;<\/span><\/p>\n<p class=\"_04xlpA direction-ltr align-justify para-style-body\"><span class=\"JsGRdQ\">&nbsp;<\/span><\/p>\n<p class=\"_04xlpA direction-ltr align-justify para-style-body\"><span class=\"JsGRdQ\">&nbsp;<\/span><\/p>\n<p class=\"_04xlpA direction-ltr align-justify para-style-body\"><span class=\"JsGRdQ\">&nbsp;<\/span><\/p>\n<p class=\"_04xlpA direction-ltr align-justify para-style-body\"><span class=\"JsGRdQ\">&nbsp;<\/span><\/p><p class=\"_04xlpA direction-ltr align-justify para-style-body\"><span class=\"JsGRdQ\"><br><\/span><\/p><p class=\"_04xlpA direction-ltr align-justify para-style-body\"><span class=\"JsGRdQ\"><br><\/span><\/p><p class=\"_04xlpA direction-ltr align-justify para-style-body\"><span class=\"JsGRdQ\"><br><\/span><\/p>\n<p class=\"_04xlpA direction-ltr align-justify para-style-body\"><span class=\"JsGRdQ\">&nbsp;<\/span><\/p>\n<p><\/p>\t\t\t\t\t\t\t\t<\/div>\n\t\t\t\t<\/div>\n\t\t\t\t\t<\/div>\n\t\t<\/div>\n\t\t\t\t<div class=\"elementor-column elementor-col-50 elementor-inner-column elementor-element elementor-element-a7dd5a7\" data-id=\"a7dd5a7\" data-element_type=\"column\" data-e-type=\"column\">\n\t\t\t<div class=\"elementor-widget-wrap elementor-element-populated\">\n\t\t\t\t\t\t<div class=\"elementor-element elementor-element-567933c elementor-widget elementor-widget-heading\" data-id=\"567933c\" data-element_type=\"widget\" data-e-type=\"widget\" data-widget_type=\"heading.default\">\n\t\t\t\t<div class=\"elementor-widget-container\">\n\t\t\t\t\t<h2 class=\"elementor-heading-title elementor-size-default\">Outros Cursos At\u00e9 O Momento<\/h2>\t\t\t\t<\/div>\n\t\t\t\t<\/div>\n\t\t\t\t<div class=\"elementor-element elementor-element-975cc01 elementor-widget elementor-widget-text-editor\" data-id=\"975cc01\" data-element_type=\"widget\" data-e-type=\"widget\" data-widget_type=\"text-editor.default\">\n\t\t\t\t<div class=\"elementor-widget-container\">\n\t\t\t\t\t\t\t\t\t<p>Fisiologia e Treinamento Aplicado a Doen\u00e7as Cr\u00f4nicas &#8211; M\u00f3dulo 8 VPF Society;<\/p>\n<p>Avalia\u00e7\u00e3o F\u00edsica em Crian\u00e7as e Adolescente &#8211; M\u00f3dulo 9 VPF Society;<\/p>\n<p>Nutri\u00e7\u00e3o e Suplementa\u00e7\u00e3o &#8211; M\u00f3dulo 10 VPF Society;<\/p>\n<p>Periodiza\u00e7\u00e3o &#8211; M\u00f3dulo 12 VPF Society;<\/p>\n<p>Periodiza\u00e7\u00e3o &#8211; M\u00f3dulo 13 VPF Society;<\/p>\n<p>Periodiza\u00e7\u00e3o &#8211; M\u00f3dulo 14 VPF Society;<\/p>\n<p>Biomec\u00e2nica Aplicada ao Treinamento de For\u00e7a &#8211; M\u00f3dulo 15 VPF Society;<\/p>\n<p>An\u00e1lise Cinesiologia e Biomec\u00e2nica dos Exerc\u00edcios Para Membros superiores na Muscula\u00e7\u00e3o; An\u00e1lise Cinesiologia e Biomec\u00e2nica dos Exerc\u00edcios para Coluna na Muscula\u00e7\u00e3o &#8211; M\u00f3dulo 17 VPF Society;<\/p>\n<p>An\u00e1lise Cinesiol\u00f3gica e Biomec\u00e2nica dos Exerc\u00edcios para Membros Inferiores na Muscula\u00e7\u00e3o &#8211; M\u00f3dulo 18 VPF Society;<\/p>\n<p>Treinamento da Flexibilidade &#8211; M\u00f3dulo 19 VPF Society;<\/p>\n<p>GUIA DE PRESCRI\u00c7\u00c3O DE EXERC\u00cdCIOS PARA GESTANTES M\u00f3dulo 20 VPF Society;<\/p>\n<p>Treinamento Funcional M\u00f3dulo 21 VPF Society;<\/p>\n<p>Avalia\u00e7\u00e3o Postural e Prescri\u00e7\u00e3o de Exerc\u00edcio para Corre\u00e7\u00e3o &#8211; M\u00f3dulo 22 VPF Society<\/p>\n<p>Biomec\u00e2nica do Andar e Correr &#8211; M\u00f3dulo 23 VPF Society<\/p>\n<p>Sistemas de Treinamento Aplicado ao Treinamento de For\u00e7a &#8211; M\u00f3dulo 25 VPF Society<\/p>\n<p>Les\u00f5es Musculoesquel\u00e9ticas Preven\u00e7\u00e3o Exerc\u00edcio e Condicionamento F\u00edsico &#8211; M\u00f3dulo 26 VPF Society<\/p>\n<p>Prescri\u00e7\u00e3o do Treinamento para Pessoas com Lombalgias &#8211; M\u00f3dulo 27 VPF Society<\/p>\n<p>Emagrecimento&nbsp; Sist\u00eamico &#8211; M\u00f3dulo 28 VPF Society<\/p>\n<p>H\u00e9rnia &#8211; M\u00f3dulo 29 VPF Society<\/p>\n<p>Espondil\u00f3lise&nbsp; e Espondilolistese &#8211; M\u00f3dulo 30 VPF Society<\/p>\n<p>Periodiza\u00e7\u00e3o do Treinamento Aer\u00f3bico &#8211; M\u00f3dulo 31 VPF Society<\/p>\n<p>Exerc\u00edcio F\u00edsico, Plasticidade Neural e Recupera\u00e7\u00e3o de Les\u00f5es &#8211; M\u00f3dulo 32 VPF Society<\/p>\n<p>Periodiza\u00e7\u00e3o Treino de For\u00e7a &#8211; M\u00f3dulo 33 VPF Society<\/p>\n<p>Prescri\u00e7\u00e3o de Treinamento na Reabilita\u00e7\u00e3o Cardiovascular&nbsp; &#8211; M\u00f3dulo 34 VPF Society<\/p>\n<p>Estrat\u00e9gias de Suplementa\u00e7\u00e3o de Carboidratos para treinamento &#8211;&nbsp;M\u00f3dulo 35 VPF Society<\/p>\n<p>Estrat\u00e9gias para Prescri\u00e7\u00e3o do Exec\u00edcio no DM1 &#8211; M\u00f3dulo 36 VPF Society<\/p>\n<p>Desbravando o Emagrecimento &#8211; M\u00f3dulo 37 VPF Society<\/p>\n<p>Trenamento para Indiv\u00edduos com Fiblomialgia&nbsp; &#8211; M\u00f3dulo 38 VPF Society<\/p>\n<p>Orienta\u00e7\u00e3o e Prescri\u00e7\u00e3o de Exec\u00edcios Para Mulheres e Gestantes &#8211; M\u00f3dulo 39 VPF Society<\/p>\n<p>Prescri\u00e7\u00e3o de Exec\u00edcios Para Mulheres e Gestantes &#8211; M\u00f3dulo 40 VPF Society<\/p>\n<p>Biomec\u00e2nica do Andar e Correr &#8211; M\u00f3dulo 41 VPF Society<\/p>\n<p>Propriocep\u00e7\u00e3o e Estabilidade Articular &#8211; M\u00f3dulo 42 VPF Society<\/p>\n<p>Paradigma do Controle Neuromuscular &#8211; M\u00f3dulo 43 VPF Society<\/p>\n<p>Muscula\u00e7\u00e3o: Setoriza\u00e7\u00e3o, Manifesta\u00e7\u00f5es da For\u00e7a e Montagem de Programas Aplicadas \u00e0 Lombalgia &#8211; M\u00f3dulo 44 VPF&nbsp; Society<\/p>\n<p>Muscula\u00e7\u00e3o Feminina: Prescri\u00e7\u00e3o de Treino para Gl\u00fateo e Coxas &#8211; M\u00f3dulo 45 VPF Society<\/p>\n<p>Treinamento de For\u00e7a Aplicado A Preven\u00e7\u00e3o e Recupera\u00e7\u00e3o de Les\u00f5es de Quadril &#8211; M\u00f3dulo 48 VPF Society<\/p>\n<p>Treinamento de For\u00e7a Aplicado a Preven\u00e7\u00e3o e Recupera\u00e7\u00e3o de Di\u00e1stase &#8211; M\u00f3dulo 49 VPF Society&nbsp;<\/p>\n<p>Prescri\u00e7\u00e3o do Treinamento de For\u00e7a e Hipertrofia &#8211; M\u00f3dulo 50 VPF Society&nbsp;<\/p>\t\t\t\t\t\t\t\t<\/div>\n\t\t\t\t<\/div>\n\t\t\t\t\t<\/div>\n\t\t<\/div>\n\t\t\t\t\t<\/div>\n\t\t<\/section>\n\t\t\t\t\t<\/div>\n\t\t<\/div>\n\t\t\t\t\t<\/div>\n\t\t<\/section>\n\t\t\t\t<section class=\"elementor-section elementor-top-section elementor-element elementor-element-a238599 elementor-section-boxed elementor-section-height-default elementor-section-height-default\" data-id=\"a238599\" data-element_type=\"section\" data-e-type=\"section\">\n\t\t\t\t\t\t\t<div class=\"elementor-background-overlay\"><\/div>\n\t\t\t\t\t\t\t<div class=\"elementor-container elementor-column-gap-default\">\n\t\t\t\t\t<div class=\"elementor-column elementor-col-33 elementor-top-column elementor-element elementor-element-4502250\" data-id=\"4502250\" data-element_type=\"column\" data-e-type=\"column\">\n\t\t\t<div class=\"elementor-widget-wrap elementor-element-populated\">\n\t\t\t\t\t\t<div class=\"elementor-element elementor-element-41d0cf4 elementor-widget-divider--view-line elementor-widget elementor-widget-divider\" data-id=\"41d0cf4\" data-element_type=\"widget\" data-e-type=\"widget\" data-widget_type=\"divider.default\">\n\t\t\t\t<div class=\"elementor-widget-container\">\n\t\t\t\t\t\t\t<div class=\"elementor-divider\">\n\t\t\t<span class=\"elementor-divider-separator\">\n\t\t\t\t\t\t<\/span>\n\t\t<\/div>\n\t\t\t\t\t\t<\/div>\n\t\t\t\t<\/div>\n\t\t\t\t\t<\/div>\n\t\t<\/div>\n\t\t\t\t<div class=\"elementor-column elementor-col-33 elementor-top-column elementor-element elementor-element-36f32a6\" data-id=\"36f32a6\" data-element_type=\"column\" data-e-type=\"column\">\n\t\t\t<div class=\"elementor-widget-wrap elementor-element-populated\">\n\t\t\t\t\t\t<div class=\"elementor-element elementor-element-3607d48 elementor-widget elementor-widget-image\" data-id=\"3607d48\" data-element_type=\"widget\" data-e-type=\"widget\" data-widget_type=\"image.default\">\n\t\t\t\t<div class=\"elementor-widget-container\">\n\t\t\t\t\t\t\t\t\t\t\t\t\t\t\t<img decoding=\"async\" src=\"https:\/\/luizfrasson.com.br\/wp-content\/uploads\/elementor\/thumbs\/logo-fundo-transparente-icone-p87yp5yxsr92ycy727rt5ud22xg2m5jc51i58zgtyo.png\" title=\"logo fundo transparente icone\" alt=\"logo fundo transparente icone\" loading=\"lazy\" \/>\t\t\t\t\t\t\t\t\t\t\t\t\t\t\t<\/div>\n\t\t\t\t<\/div>\n\t\t\t\t\t<\/div>\n\t\t<\/div>\n\t\t\t\t<div class=\"elementor-column elementor-col-33 elementor-top-column elementor-element elementor-element-0991e81\" data-id=\"0991e81\" data-element_type=\"column\" data-e-type=\"column\">\n\t\t\t<div class=\"elementor-widget-wrap elementor-element-populated\">\n\t\t\t\t\t\t<div class=\"elementor-element elementor-element-76e5d49 elementor-widget-divider--view-line elementor-widget elementor-widget-divider\" data-id=\"76e5d49\" data-element_type=\"widget\" data-e-type=\"widget\" data-widget_type=\"divider.default\">\n\t\t\t\t<div class=\"elementor-widget-container\">\n\t\t\t\t\t\t\t<div class=\"elementor-divider\">\n\t\t\t<span class=\"elementor-divider-separator\">\n\t\t\t\t\t\t<\/span>\n\t\t<\/div>\n\t\t\t\t\t\t<\/div>\n\t\t\t\t<\/div>\n\t\t\t\t\t<\/div>\n\t\t<\/div>\n\t\t\t\t\t<\/div>\n\t\t<\/section>\n\t\t\t\t<\/div>\n\t\t","protected":false},"excerpt":{"rendered":"<p>Sobre Minha Hist\u00f3ria Desde muito cedo sempre estive envolvido com atividades esportivas, mais precisamente como atleta de base dos clubes de futebol da cidade, posteriormente mais recreativo, nessa \u00e9poca j\u00e1 fazia todos os meus treinos a parte por conta pr\u00f3pria o que me deu uma vantagem f\u00edsica em rela\u00e7\u00e3o aos demais. Ent\u00e3o em 2004 sofri&hellip;&nbsp;<a href=\"https:\/\/luizfrasson.com.br\/?page_id=2628\" class=\"\" rel=\"bookmark\">Continue a ler &raquo;<span class=\"screen-reader-text\">sobre<\/span><\/a><\/p>\n","protected":false},"author":1,"featured_media":0,"parent":0,"menu_order":0,"comment_status":"closed","ping_status":"closed","template":"page-templates\/template-pagebuilder-full-width.php","meta":{"neve_meta_sidebar":"","neve_meta_container":"","neve_meta_enable_content_width":"","neve_meta_content_width":0,"neve_meta_title_alignment":"","neve_meta_author_avatar":"","neve_post_elements_order":"","neve_meta_disable_header":"","neve_meta_disable_footer":"","neve_meta_disable_title":"","footnotes":""},"class_list":["post-2628","page","type-page","status-publish","hentry"],"_links":{"self":[{"href":"https:\/\/luizfrasson.com.br\/index.php?rest_route=\/wp\/v2\/pages\/2628","targetHints":{"allow":["GET"]}}],"collection":[{"href":"https:\/\/luizfrasson.com.br\/index.php?rest_route=\/wp\/v2\/pages"}],"about":[{"href":"https:\/\/luizfrasson.com.br\/index.php?rest_route=\/wp\/v2\/types\/page"}],"author":[{"embeddable":true,"href":"https:\/\/luizfrasson.com.br\/index.php?rest_route=\/wp\/v2\/users\/1"}],"replies":[{"embeddable":true,"href":"https:\/\/luizfrasson.com.br\/index.php?rest_route=%2Fwp%2Fv2%2Fcomments&post=2628"}],"version-history":[{"count":10,"href":"https:\/\/luizfrasson.com.br\/index.php?rest_route=\/wp\/v2\/pages\/2628\/revisions"}],"predecessor-version":[{"id":2662,"href":"https:\/\/luizfrasson.com.br\/index.php?rest_route=\/wp\/v2\/pages\/2628\/revisions\/2662"}],"wp:attachment":[{"href":"https:\/\/luizfrasson.com.br\/index.php?rest_route=%2Fwp%2Fv2%2Fmedia&parent=2628"}],"curies":[{"name":"wp","href":"https:\/\/api.w.org\/{rel}","templated":true}]}}